n millions digit of 3709973751?
0
What is the tens digit of 3023030450?
5
What is the ten thousands digit of 170711392?
1
What is the millions digit of 24097144?
4
What is the ten thousands digit of 1097871794?
7
What is the thousands digit of 1995165974?
5
What is the hundred thousands digit of 235196391?
1
What is the units digit of 42162122?
2
What is the units digit of 33995081?
1
What is the tens digit of 665261250?
5
What is the ten thousands digit of 50491420?
9
What is the tens digit of 1162823229?
2
What is the hundred millions digit of 110974102?
1
What is the ten millions digit of 30975280?
3
What is the units digit of 1729590965?
5
What is the hundred thousands digit of 89142605?
1
What is the billions digit of 1414012590?
1
What is the millions digit of 1057263484?
7
What is the ten thousands digit of 189319347?
1
What is the millions digit of 47904715?
7
What is the tens digit of 1981145319?
1
What is the ten millions digit of 2593143618?
9
What is the hundreds digit of 2065223662?
6
What is the ten millions digit of 118807323?
1
What is the hundreds digit of 11838786?
7
What is the ten millions digit of 3156359829?
5
What is the units digit of 228231384?
4
What is the millions digit of 285958547?
5
What is the hundreds digit of 2566155?
1
What is the ten thousands digit of 9253507?
5
What is the ten millions digit of 1027365152?
2
What is the millions digit of 11917257?
1
What is the hundred millions digit of 1967415652?
9
What is the thousands digit of 49112937?
2
What is the hundred thousands digit of 575386669?
3
What is the millions digit of 292861415?
2
What is the thousands digit of 495599250?
9
What is the tens digit of 94102276?
7
What is the hundred thousands digit of 22210878?
2
What is the hundred thousands digit of 79771324?
7
What is the millions digit of 51648219?
1
What is the hundred thousands digit of 60512578?
5
What is the thousands digit of 52517908?
7
What is the millions digit of 2173807652?
3
What is the thousands digit of 47650?
7
What is the units digit of 129310382?
2
What is the hundred thousands digit of 20356645?
3
What is the hundreds digit of 304004045?
0
What is the ten millions digit of 3317251363?
1
What is the units digit of 172865619?
9
What is the ten thousands digit of 244863693?
6
What is the millions digit of 27813002?
7
What is the hundred thousands digit of 816177255?
1
What is the hundreds digit of 516856301?
3
What is the thousands digit of 2131264862?
4
What is the thousands digit of 49869240?
9
What is the ten millions digit of 175113985?
7
What is the hundreds digit of 3995231348?
3
What is the thousands digit of 1205461452?
1
What is the thousands digit of 602695401?
5
What is the ten thousands digit of 65738382?
3
What is the units digit of 9722505?
5
What is the hundred thousands digit of 19081745?
0
What is the billions digit of 1069721039?
1
What is the thousands digit of 4263108090?
8
What is the hundred thousands digit of 367109417?
1
What is the tens digit of 67760450?
5
What is the ten millions digit of 55894265?
5
What is the thousands digit of 30360694?
0
What is the units digit of 235488127?
7
What is the hundred thousands digit of 384198527?
1
What is the hundreds digit of 195932346?
3
What is the thousands digit of 1498177596?
7
What is the thousands digit of 21475297?
5
What is the thousands digit of 2694286748?
6
What is the tens digit of 6177691?
9
What is the hundreds digit of 18411749?
7
What is the ten thousands digit of 68975051?
7
What is the ten millions digit of 148169086?
4
What is the tens digit of 132815619?
1
What is the hundreds digit of 609274786?
7
What is the hundred millions digit of 162484851?
1
What is the ten thousands digit of 3637413591?
1
What is the hundreds digit of 115643645?
6
What is the hundred thousands digit of 1943730956?
7
What is the millions digit of 38611864?
8
What is the tens digit of 62571548?
4
What is the hundred thousands digit of 65792775?
7
What is the millions digit of 68831952?
8
What is the ten millions digit of 80664180?
8
What is the millions digit of 35635363?
5
What is the hundred thousands digit of 67717741?
7
What is the hundred millions digit of 988506832?
9
What is the units digit of 16805203?
3
What is the thousands digit of 27527482?
7
What is the thousands digit of 106083666?
3
What is the hundred millions digit of 2167990426?
1
What is the units digit of 7945717?
7
What is the units digit of 393289768?
8
What is the ten millions digit of 613407950?
1
What is the units digit of 311012961?
1
What is the thousands digit of 1189681?
9
What is the hundreds digit of 9656997?
9
What is the millions digit of 1570000037?
0
What is the ten millions digit of 58202027?
5
What is the millions digit of 5149926427?
9
What is the hundred thousands digit of 4783316700?
3
What is the tens digit of 134193552?
5
What is the hundred millions digit of 671402034?
6
What is the hundred thousands digit of 1243485558?
4
What is the hundreds digit of 555005903?
9
What is the ten thousands digit of 886618971?
1
What is the hundred thousands digit of 1254533468?
5
What is the hundred millions digit of 140907835?
1
What is the tens digit of 111682852?
5
What is the billions digit of 1886289295?
1
What is the tens digit of 24541275?
7
What is the millions digit of 3820684594?
0
What is the tens digit of 1392147670?
7
What is the thousands digit of 51617122?
7
What is the ten millions digit of 682379029?
8
What is the ten millions digit of 39986177?
3
What is the ten millions digit of 40684994?
4
What is the ten thousands digit of 886681892?
8
What is the hundred thousands digit of 94195464?
1
What is the thousands digit of 61279629?
9
What is the ten millions digit of 880616558?
8
What is the thousands digit of 201618403?
8
What is the hundred thousands digit of 525007013?
0
What is the hundred thousands digit of 459032413?
0
What is the hundred thousands digit of 580319884?
3
What is the hundreds digit of 848012365?
3
What is the tens digit of 35157867?
6
What is the ten thousands digit of 2184277?
8
What is the millions digit of 37893702?
7
What is the hundred millions digit of 399864654?
3
What is the hundreds digit of 1541617707?
7
What is the hundred thousands digit of 1832091625?
0
What is the tens digit of 241475224?
2
What is the ten thousands digit of 476861091?
6
What is the ten millions digit of 108668913?
0
What is the hundred thousands digit of 82813404?
8
What is the hundred millions digit of 1488465046?
4
What is the hundred thousands digit of 45394525?
3
What is the ten millions digit of 13200318?
1
What is the ten thousands digit of 21260236?
6
What is the ten thousands digit of 159340819?
4
What is the hundreds digit of 78070315?
3
What is the hundred thousands digit of 923223033?
2
What is the tens digit of 83567253?
5
What is the ten millions digit of 319723813?
1
What is the hundreds digit of 592797797?
7
What is the millions digit of 201967458?
1
What is the hundred thousands digit of 159491451?
4
What is the tens digit of 49344145?
4
What is the hundred millions digit of 112760648?
1
What is the ten millions digit of 2414470566?
1
What is the ten millions digit of 324058106?
2
What is the tens digit of 606424778?
7
What is the ten thousands digit of 15325421?
2
What is the units digit of 18404606?
6
What is the hundred millions digit of 1441186982?
4
What is the hundred millions digit of 360276761?
3
What is the hundreds digit of 94420509?
5
What is the units digit of 32489010?
0
What is the millions digit of 166722920?
6
What is the thousands digit of 222278911?
8
What is the hundreds digit of 1811466738?
7
What is the hundreds digit of 33568401?
4
What is the tens digit of 15499818?
1
What is the units digit of 2634433447?
7
What is the hundreds digit of 1413369405?
4
What is the ten millions digit of 1359165897?
5
What is the ten millions digit of 297041618?
9
What is the tens digit of 8713945?
4
What is the thousands digit of 80774471?
4
What is the tens digit of 589405974?
7
What is the units digit of 152496702?
2
What is the ten thousands digit of 41130755?
3
What is the hundred thousands digit of 159060663?
0
What is the tens digit of 264650047?
4
What is the units digit of 8705678934?
4
What is the hundr